{"id":1496,"date":"2023-08-25T11:19:08","date_gmt":"2023-08-25T11:19:08","guid":{"rendered":"https:\/\/viveancares.com\/?page_id=1496"},"modified":"2023-08-25T12:10:55","modified_gmt":"2023-08-25T12:10:55","slug":"quensomoscat","status":"publish","type":"page","link":"https:\/\/viveancares.com\/index.php\/viveancares-alugueres-e-algo-mais\/vivecat\/quensomoscat\/","title":{"rendered":"QuensomoSCAT"},"content":{"rendered":"\n<p class=\"has-text-align-center\" style=\"margin-top:var(--wp--preset--spacing--20);margin-right:var(--wp--preset--spacing--20);margin-bottom:var(--wp--preset--spacing--20);margin-left:var(--wp--preset--spacing--20);padding-top:var(--wp--preset--spacing--20);padding-right:var(--wp--preset--spacing--20);padding-bottom:var(--wp--preset--spacing--20);padding-left:var(--wp--preset--spacing--20)\"><\/p>\n\n\n\n<div class=\"wp-block-columns is-layout-flex wp-container-core-columns-is-layout-1 wp-block-columns-is-layout-flex\">\n<div class=\"wp-block-column is-layout-flow wp-block-column-is-layout-flow\"><div class=\"is-style-rounded wp-block-site-logo\"><a href=\"https:\/\/viveancares.com\/\" class=\"custom-logo-link\" rel=\"home\"><img fetchpriority=\"high\" decoding=\"async\" width=\"700\" height=\"105\" src=\"https:\/\/viveancares.com\/wp-content\/uploads\/2023\/06\/logox.jpg\" class=\"custom-logo\" alt=\"ViveAncares,Nat-Rural-Mente.\" srcset=\"https:\/\/viveancares.com\/wp-content\/uploads\/2023\/06\/logox.jpg 1502w, https:\/\/viveancares.com\/wp-content\/uploads\/2023\/06\/logox-300x45.jpg 300w, https:\/\/viveancares.com\/wp-content\/uploads\/2023\/06\/logox-1024x155.jpg 1024w, https:\/\/viveancares.com\/wp-content\/uploads\/2023\/06\/logox-768x116.jpg 768w\" sizes=\"(max-width: 700px) 100vw, 700px\" \/><\/a><\/div><\/div>\n<\/div>\n\n\n\n<h2 class=\"wp-block-heading alignfull\" id=\"h-\"><\/h2>\n\n\n\n<p><\/p>\n\n\n\n<header class=\"wp-block-group alignwide has-border-color has-custom-color-2-border-color has-custom-color-1-color has-white-background-color has-text-color has-background is-layout-constrained wp-block-group-is-layout-constrained\" style=\"border-style:solid;border-width:7px;border-radius:100px;margin-top:0px;padding-bottom:calc(var(u002du002dwpu002du002dcustomu002du002dv-spacing, 1.25rem) *2)\">\n<p class=\"has-text-align-center H1 has-custom-color-1-color has-text-color has-caveat-font-family\" style=\"font-size:49px;font-style:italic;font-weight:800\">ViveAncares&#8230;<\/p>\n\n\n\n<p class=\"has-text-align-center H1 has-custom-color-1-color has-text-color has-caveat-font-family\" style=\"font-size:40px;font-style:italic;font-weight:600\">Nat-Rural-Mente<\/p>\n\n\n\n<p class=\"has-text-align-center\" style=\"font-size:26px;font-style:normal;font-weight:700;text-decoration:underline\"><strong>algo m\u00e1is que alugueres<\/strong><\/p>\n<\/header>\n\n\n\n<div style=\"height:100px\" aria-hidden=\"true\" class=\"wp-block-spacer\"><\/div>\n\n\n\n<div class=\"wp-block-buttons alignfull is-content-justification-space-between is-nowrap is-layout-flex wp-container-core-buttons-is-layout-1 wp-block-buttons-is-layout-flex\">\n<div class=\"wp-block-button has-custom-font-size is-style-outline has-caveat-font-family\" style=\"font-size:14px;font-style:normal;font-weight:900\"><a class=\"wp-block-button__link has-custom-color-1-color has-white-background-color has-text-color has-background wp-element-button\" href=\"https:\/\/viveancares.com\/index.php\/vivecat\" style=\"padding-top:26px;padding-right:26px;padding-bottom:26px;padding-left:26px\"><em><span style=\"text-decoration: underline\">VIVEANCARES<\/span><\/em><\/a><\/div>\n\n\n\n<div class=\"wp-block-button has-custom-font-size has-domine-font-family\" style=\"font-size:14px;font-style:normal;font-weight:900\"><a class=\"wp-block-button__link has-custom-color-1-color has-white-background-color has-text-color has-background wp-element-button\" href=\"https:\/\/viveancares.com\/index.php\/vivegal\/iniciocat\" style=\"padding-top:26px;padding-right:26px;padding-bottom:26px;padding-left:26px\">INICI<\/a><\/div>\n\n\n\n<div class=\"wp-block-button has-custom-font-size has-domine-font-family\" style=\"font-size:14px;font-style:normal;font-weight:900\"><a class=\"wp-block-button__link has-custom-color-1-color has-white-background-color has-text-color has-background wp-element-button\" href=\"https:\/\/viveancares.com\/index.php\/viveancares-alugueres-e-algo-mais\/vivecat\/situacioncat\/\" style=\"padding-top:26px;padding-right:26px;padding-bottom:26px;padding-left:26px\">SITUACIO<\/a><\/div>\n\n\n\n<div class=\"wp-block-button has-custom-font-size has-caveat-font-family\" style=\"font-size:14px;font-style:normal;font-weight:900\"><a class=\"wp-block-button__link has-custom-color-1-color has-white-background-color has-text-color has-background wp-element-button\" href=\"https:\/\/viveancares.com\/index.php\/vivegal\/qvqfcat\/\" style=\"padding-top:26px;padding-right:26px;padding-bottom:26px;padding-left:26px\">QUE VEURE \/ QUE FER<\/a><\/div>\n\n\n\n<div class=\"wp-block-button has-custom-font-size has-domine-font-family\" style=\"font-size:14px;font-style:normal;font-weight:900\"><a class=\"wp-block-button__link has-custom-color-1-color has-white-background-color has-text-color has-background wp-element-button\" href=\"https:\/\/viveancares.com\/index.php\/viveancares-alugueres-e-algo-mais\/vivecat\/asvivendascat\/\" style=\"padding-top:26px;padding-right:26px;padding-bottom:26px;padding-left:26px\">ELS HABITATGES<\/a><\/div>\n\n\n\n<div class=\"wp-block-button has-custom-font-size has-domine-font-family\" style=\"font-size:14px;font-style:normal;font-weight:900\"><a class=\"wp-block-button__link has-custom-color-1-color has-white-background-color has-text-color has-background wp-element-button\" href=\"https:\/\/viveancares.com\/index.php\/viveancares-alugueres-e-algo-mais\/vivecat\/contactocat\/\" style=\"padding-top:26px;padding-right:26px;padding-bottom:26px;padding-left:26px\">CONTACTE<\/a><\/div>\n<\/div>\n\n\n\n<main class=\"wp-block-cover alignfull wp-duotone-unset-1\" style=\"font-size:0px;min-height:1223px;aspect-ratio:unset;\"><span aria-hidden=\"true\" class=\"wp-block-cover__background has-background-dim-0 has-background-dim\"><\/span><img decoding=\"async\" width=\"2560\" height=\"1920\" class=\"wp-block-cover__image-background wp-image-680\" alt=\"\" src=\"https:\/\/viveancares.com\/wp-content\/uploads\/2023\/06\/REST-3-scaled.jpg\" data-object-fit=\"cover\" srcset=\"https:\/\/viveancares.com\/wp-content\/uploads\/2023\/06\/REST-3-scaled.jpg 2560w, https:\/\/viveancares.com\/wp-content\/uploads\/2023\/06\/REST-3-300x225.jpg 300w, https:\/\/viveancares.com\/wp-content\/uploads\/2023\/06\/REST-3-1024x768.jpg 1024w, https:\/\/viveancares.com\/wp-content\/uploads\/2023\/06\/REST-3-768x576.jpg 768w, https:\/\/viveancares.com\/wp-content\/uploads\/2023\/06\/REST-3-1536x1152.jpg 1536w, https:\/\/viveancares.com\/wp-content\/uploads\/2023\/06\/REST-3-2048x1536.jpg 2048w\" sizes=\"(max-width: 2560px) 100vw, 2560px\" \/><div class=\"wp-block-cover__inner-container is-layout-flow wp-block-cover-is-layout-flow\">\n<p class=\"has-text-align-center\" style=\"font-size:0rem\"><\/p>\n<\/div><\/main>\n\n\n\n<div class=\"wp-block-columns alignwide is-layout-flex wp-container-core-columns-is-layout-2 wp-block-columns-is-layout-flex\">\n<div class=\"wp-block-column is-layout-flow wp-block-column-is-layout-flow\" style=\"flex-basis:100%\">\n<p class=\"has-white-color has-text-color\" style=\"font-size:40px\"><br>Bon dia, permeteu-nos unes l\u00ednies de presentaci\u00f3. <\/p>\n\n\n\n<p class=\"has-white-color has-text-color\" style=\"font-size:40px\">Som una fam\u00edlia enamorada de la nostra terra i de la nostra gent, que sempre hem tingut clar que aquest \u00e9s el nostre lloc al m\u00f3n, per aix\u00f2 apostem per invertir-hi i desenvolupar-hi. Perqu\u00e8 creiem que \u00e9s possible viure al camp i aix\u00ed neix aquesta nova aventura; una aventura que volem que compartiu amb nosaltres. <\/p>\n\n\n\n<p class=\"has-white-color has-text-color\" style=\"font-size:40px\">Cases al costat dels Ancares, als peus de la Via K\u00fcnig, a pocs metres de la natura, per\u00f2 esteu en un poble que \u00e9s la capital de la comarca i disposa de tots els serveis necessaris (i alguns imprescindibles&#8230;)<\/p>\n\n\n\n<figure class=\"wp-block-image aligncenter size-full is-resized\"><img decoding=\"async\" src=\"https:\/\/viveancares.com\/wp-content\/uploads\/2023\/08\/image.png\" alt=\"\" class=\"wp-image-1498\" style=\"width:494px;height:329px\" width=\"494\" height=\"329\" srcset=\"https:\/\/viveancares.com\/wp-content\/uploads\/2023\/08\/image.png 1000w, https:\/\/viveancares.com\/wp-content\/uploads\/2023\/08\/image-300x200.png 300w, https:\/\/viveancares.com\/wp-content\/uploads\/2023\/08\/image-768x512.png 768w, https:\/\/viveancares.com\/wp-content\/uploads\/2023\/08\/image-600x400.png 600w\" sizes=\"(max-width: 494px) 100vw, 494px\" \/><\/figure>\n\n\n\n<p class=\"has-white-color has-text-color\" style=\"font-size:40px\"> <strong>Tots? No! Ens trob\u00e0vem a faltar i aqu\u00ed estem! <\/strong><\/p>\n\n\n\n<p class=\"has-white-color has-text-color\" style=\"font-size:40px\">Gaudeix de la teva estada, del paisatge i del paisanatge, i recorda:<\/p>\n\n\n\n<h3 class=\"wp-block-heading\" id=\"h-jean-paul-sartre\">Jean Paul Sartre<\/h3>\n<\/div>\n<\/div>\n\n\n\n<div class=\"wp-block-cover alignfull is-light has-custom-content-position is-position-top-center\" style=\"min-height:50px;aspect-ratio:unset;\"><span aria-hidden=\"true\" class=\"wp-block-cover__background has-white-background-color has-background-dim-100 has-background-dim\"><\/span><div class=\"wp-block-cover__inner-container is-layout-flow wp-block-cover-is-layout-flow\">\n<div style=\"height:40px\" aria-hidden=\"true\" class=\"wp-block-spacer\"><\/div>\n\n\n\n<p class=\"has-text-align-center has-custom-color-1-color has-text-color has-caveat-font-family\" style=\"font-size:43px;font-style:normal;font-weight:800\">&#8220;La felicitat no \u00e9s fer el que vols, \u00e9s voler el que fas&#8221;<\/p>\n\n\n\n<p class=\"has-text-align-center has-custom-color-2-color has-text-color has-caveat-font-family\" style=\"margin-top:0px;margin-right:0px;margin-bottom:0px;margin-left:0px;padding-top:0;padding-right:0;padding-bottom:0;padding-left:0;font-size:45px\">Jean Paul Sartre<strong> <\/strong><\/p>\n\n\n\n<p class=\"has-text-align-center has-white-color has-text-color\" style=\"margin-top:var(--wp--preset--spacing--20);margin-right:var(--wp--preset--spacing--20);margin-bottom:var(--wp--preset--spacing--20);margin-left:var(--wp--preset--spacing--20);padding-top:var(--wp--preset--spacing--20);padding-right:var(--wp--preset--spacing--20);padding-bottom:var(--wp--preset--spacing--20);padding-left:var(--wp--preset--spacing--20)\"><\/p>\n<\/div><\/div>\n\n\n\n<main class=\"wp-block-group alignfull has-custom-color-1-background-color has-background is-layout-constrained wp-block-group-is-layout-constrained\" style=\"margin-top:0px;padding-bottom:calc(var(u002du002dwpu002du002dcustomu002du002dv-spacing, 1.25rem) *2)\">\n<div class=\"wp-block-buttons alignfull is-content-justification-space-between is-nowrap is-layout-flex wp-container-core-buttons-is-layout-2 wp-block-buttons-is-layout-flex\">\n<div class=\"wp-block-button has-custom-font-size is-style-outline has-caveat-font-family\" style=\"font-size:14px;font-style:normal;font-weight:900\"><a class=\"wp-block-button__link has-custom-color-1-color has-white-background-color has-text-color has-background wp-element-button\" href=\"https:\/\/viveancares.com\/index.php\/vivecat\/\" style=\"padding-top:26px;padding-right:26px;padding-bottom:26px;padding-left:26px\"><em><span style=\"text-decoration: underline\">VIVEANCARES<\/span><\/em><\/a><\/div>\n\n\n\n<div class=\"wp-block-button has-custom-font-size has-domine-font-family\" style=\"font-size:14px;font-style:normal;font-weight:900\"><a class=\"wp-block-button__link has-custom-color-1-color has-white-background-color has-text-color has-background wp-element-button\" href=\"https:\/\/viveancares.com\/index.php\/vivegal\/iniciocat\/\" style=\"padding-top:26px;padding-right:26px;padding-bottom:26px;padding-left:26px\">INICI<\/a><\/div>\n\n\n\n<div class=\"wp-block-button has-custom-font-size has-domine-font-family\" style=\"font-size:14px;font-style:normal;font-weight:900\"><a class=\"wp-block-button__link has-custom-color-1-color has-white-background-color has-text-color has-background wp-element-button\" href=\"https:\/\/viveancares.com\/index.php\/viveancares-alugueres-e-algo-mais\/vivecat\/situacioncat\/\" style=\"padding-top:26px;padding-right:26px;padding-bottom:26px;padding-left:26px\">SITUACIO<\/a><\/div>\n\n\n\n<div class=\"wp-block-button has-custom-font-size has-caveat-font-family\" style=\"font-size:14px;font-style:normal;font-weight:900\"><a class=\"wp-block-button__link has-custom-color-1-color has-white-background-color has-text-color has-background wp-element-button\" href=\"https:\/\/viveancares.com\/index.php\/vivegal\/qvqfcat\/\" style=\"padding-top:26px;padding-right:26px;padding-bottom:26px;padding-left:26px\">QUE VEURE \/ QUE FER<\/a><\/div>\n\n\n\n<div class=\"wp-block-button has-custom-font-size has-domine-font-family\" style=\"font-size:14px;font-style:normal;font-weight:900\"><a class=\"wp-block-button__link has-custom-color-1-color has-white-background-color has-text-color has-background wp-element-button\" href=\"https:\/\/viveancares.com\/index.php\/viveancares-alugueres-e-algo-mais\/vivecat\/asvivendascat\/\" style=\"padding-top:26px;padding-right:26px;padding-bottom:26px;padding-left:26px\">ELS HABITATGES<\/a><\/div>\n\n\n\n<div class=\"wp-block-button has-custom-font-size has-domine-font-family\" style=\"font-size:14px;font-style:normal;font-weight:900\"><a class=\"wp-block-button__link has-custom-color-1-color has-white-background-color has-text-color has-background wp-element-button\" href=\"https:\/\/viveancares.com\/index.php\/viveancares-alugueres-e-algo-mais\/vivecat\/contactocat\/\" style=\"padding-top:26px;padding-right:26px;padding-bottom:26px;padding-left:26px\">CONTACTE<\/a><\/div>\n<\/div>\n\n\n\n<p class=\"has-text-align-center has-white-color has-text-color has-caveat-font-family has-xxx-large-font-size\" style=\"font-style:italic;font-weight:800\">ViveAncares&#8230;Nat-Rural-Mente<\/p>\n<\/main>\n\n\n\n<p class=\"has-text-align-center has-black-color has-text-color has-caveat-font-family\" style=\"font-size:65px\"><strong>ViveAncares \u00ae<\/strong><\/p>\n","protected":false},"excerpt":{"rendered":"<p>ViveAncares&#8230; Nat-Rural-Mente algo m\u00e1is que alugueres Bon dia, permeteu-nos unes l\u00ednies de presentaci\u00f3. Som una fam\u00edlia enamorada de la nostra terra i de la nostra gent, que sempre hem tingut clar que aquest \u00e9s el nostre lloc al m\u00f3n, per aix\u00f2 apostem per invertir-hi i desenvolupar-hi. Perqu\u00e8 creiem que \u00e9s possible viure al camp i&hellip;<\/p>\n","protected":false},"author":1,"featured_media":0,"parent":12,"menu_order":0,"comment_status":"closed","ping_status":"closed","template":"","meta":{"ngg_post_thumbnail":0,"two_page_speed":[],"footnotes":""},"yoast_head":"<!-- This site is optimized with the Yoast SEO Premium plugin v20.5 (Yoast SEO v24.5) - https:\/\/yoast.com\/wordpress\/plugins\/seo\/ -->\n<title>QuensomoSCAT - ViveAncares,Nat-Rural-Mente.<\/title>\n<meta name=\"robots\" content=\"index, follow, max-snippet:-1, max-image-preview:large, max-video-preview:-1\" \/>\n<link rel=\"canonical\" href=\"https:\/\/viveancares.com\/index.php\/viveancares-alugueres-e-algo-mais\/vivecat\/quensomoscat\/\" \/>\n<meta property=\"og:locale\" content=\"gl_ES\" \/>\n<meta property=\"og:type\" content=\"article\" \/>\n<meta property=\"og:title\" content=\"QuensomoSCAT\" \/>\n<meta property=\"og:description\" content=\"ViveAncares&#8230; Nat-Rural-Mente algo m\u00e1is que alugueres Bon dia, permeteu-nos unes l\u00ednies de presentaci\u00f3. Som una fam\u00edlia enamorada de la nostra terra i de la nostra gent, que sempre hem tingut clar que aquest \u00e9s el nostre lloc al m\u00f3n, per aix\u00f2 apostem per invertir-hi i desenvolupar-hi. Perqu\u00e8 creiem que \u00e9s possible viure al camp i&hellip;\" \/>\n<meta property=\"og:url\" content=\"https:\/\/viveancares.com\/index.php\/viveancares-alugueres-e-algo-mais\/vivecat\/quensomoscat\/\" \/>\n<meta property=\"og:site_name\" content=\"ViveAncares,Nat-Rural-Mente.\" \/>\n<meta property=\"article:publisher\" content=\"https:\/\/www.facebook.com\/profile.php?id=100093151917022\" \/>\n<meta property=\"article:modified_time\" content=\"2023-08-25T12:10:55+00:00\" \/>\n<meta property=\"og:image\" content=\"https:\/\/viveancares.com\/wp-content\/uploads\/2023\/06\/REST-3-scaled.jpg\" \/>\n<meta name=\"twitter:card\" content=\"summary_large_image\" \/>\n<meta name=\"twitter:label1\" content=\"Tempo de lectura\" \/>\n\t<meta name=\"twitter:data1\" content=\"2 minutos\" \/>\n<script type=\"application\/ld+json\" class=\"yoast-schema-graph\">{\"@context\":\"https:\/\/schema.org\",\"@graph\":[{\"@type\":\"WebPage\",\"@id\":\"https:\/\/viveancares.com\/index.php\/viveancares-alugueres-e-algo-mais\/vivecat\/quensomoscat\/\",\"url\":\"https:\/\/viveancares.com\/index.php\/viveancares-alugueres-e-algo-mais\/vivecat\/quensomoscat\/\",\"name\":\"QuensomoSCAT - ViveAncares,Nat-Rural-Mente.\",\"isPartOf\":{\"@id\":\"https:\/\/viveancares.com\/#website\"},\"primaryImageOfPage\":{\"@id\":\"https:\/\/viveancares.com\/index.php\/viveancares-alugueres-e-algo-mais\/vivecat\/quensomoscat\/#primaryimage\"},\"image\":{\"@id\":\"https:\/\/viveancares.com\/index.php\/viveancares-alugueres-e-algo-mais\/vivecat\/quensomoscat\/#primaryimage\"},\"thumbnailUrl\":\"https:\/\/viveancares.com\/wp-content\/uploads\/2023\/06\/REST-3-scaled.jpg\",\"datePublished\":\"2023-08-25T11:19:08+00:00\",\"dateModified\":\"2023-08-25T12:10:55+00:00\",\"breadcrumb\":{\"@id\":\"https:\/\/viveancares.com\/index.php\/viveancares-alugueres-e-algo-mais\/vivecat\/quensomoscat\/#breadcrumb\"},\"inLanguage\":\"gl-ES\",\"potentialAction\":[{\"@type\":\"ReadAction\",\"target\":[\"https:\/\/viveancares.com\/index.php\/viveancares-alugueres-e-algo-mais\/vivecat\/quensomoscat\/\"]}]},{\"@type\":\"ImageObject\",\"inLanguage\":\"gl-ES\",\"@id\":\"https:\/\/viveancares.com\/index.php\/viveancares-alugueres-e-algo-mais\/vivecat\/quensomoscat\/#primaryimage\",\"url\":\"https:\/\/viveancares.com\/wp-content\/uploads\/2023\/06\/REST-3-scaled.jpg\",\"contentUrl\":\"https:\/\/viveancares.com\/wp-content\/uploads\/2023\/06\/REST-3-scaled.jpg\",\"width\":2560,\"height\":1920},{\"@type\":\"BreadcrumbList\",\"@id\":\"https:\/\/viveancares.com\/index.php\/viveancares-alugueres-e-algo-mais\/vivecat\/quensomoscat\/#breadcrumb\",\"itemListElement\":[{\"@type\":\"ListItem\",\"position\":1,\"name\":\"Portada\",\"item\":\"https:\/\/viveancares.com\/\"},{\"@type\":\"ListItem\",\"position\":2,\"name\":\"vivegal\",\"item\":\"https:\/\/viveancares.com\/\"},{\"@type\":\"ListItem\",\"position\":3,\"name\":\"vivecat\",\"item\":\"https:\/\/viveancares.com\/index.php\/viveancares-alugueres-e-algo-mais\/vivecat\/\"},{\"@type\":\"ListItem\",\"position\":4,\"name\":\"QuensomoSCAT\"}]},{\"@type\":\"WebSite\",\"@id\":\"https:\/\/viveancares.com\/#website\",\"url\":\"https:\/\/viveancares.com\/\",\"name\":\"ViveAncares,Nat-Rural-Mente.\",\"description\":\"&lt;strong&gt;Alugueres e algo m\u00e1is. Sempre rematamos por chegar a donde nos esperan.&lt;\/strong&gt;&lt;br&gt;&lt;br&gt;&lt;strong&gt;Jos\u00e9 Saramago.&lt;\/strong&gt;\",\"publisher\":{\"@id\":\"https:\/\/viveancares.com\/#organization\"},\"potentialAction\":[{\"@type\":\"SearchAction\",\"target\":{\"@type\":\"EntryPoint\",\"urlTemplate\":\"https:\/\/viveancares.com\/?s={search_term_string}\"},\"query-input\":{\"@type\":\"PropertyValueSpecification\",\"valueRequired\":true,\"valueName\":\"search_term_string\"}}],\"inLanguage\":\"gl-ES\"},{\"@type\":\"Organization\",\"@id\":\"https:\/\/viveancares.com\/#organization\",\"name\":\"ViveAncares,Nat-Rural-Mente.\",\"url\":\"https:\/\/viveancares.com\/\",\"logo\":{\"@type\":\"ImageObject\",\"inLanguage\":\"gl-ES\",\"@id\":\"https:\/\/viveancares.com\/#\/schema\/logo\/image\/\",\"url\":\"https:\/\/viveancares.com\/wp-content\/uploads\/2023\/06\/logox.jpg\",\"contentUrl\":\"https:\/\/viveancares.com\/wp-content\/uploads\/2023\/06\/logox.jpg\",\"width\":1502,\"height\":227,\"caption\":\"ViveAncares,Nat-Rural-Mente.\"},\"image\":{\"@id\":\"https:\/\/viveancares.com\/#\/schema\/logo\/image\/\"},\"sameAs\":[\"https:\/\/www.facebook.com\/profile.php?id=100093151917022\"]}]}<\/script>\n<!-- \/ Yoast SEO Premium plugin. -->","yoast_head_json":{"title":"QuensomoSCAT - ViveAncares,Nat-Rural-Mente.","robots":{"index":"index","follow":"follow","max-snippet":"max-snippet:-1","max-image-preview":"max-image-preview:large","max-video-preview":"max-video-preview:-1"},"canonical":"https:\/\/viveancares.com\/index.php\/viveancares-alugueres-e-algo-mais\/vivecat\/quensomoscat\/","og_locale":"gl_ES","og_type":"article","og_title":"QuensomoSCAT","og_description":"ViveAncares&#8230; Nat-Rural-Mente algo m\u00e1is que alugueres Bon dia, permeteu-nos unes l\u00ednies de presentaci\u00f3. Som una fam\u00edlia enamorada de la nostra terra i de la nostra gent, que sempre hem tingut clar que aquest \u00e9s el nostre lloc al m\u00f3n, per aix\u00f2 apostem per invertir-hi i desenvolupar-hi. Perqu\u00e8 creiem que \u00e9s possible viure al camp i&hellip;","og_url":"https:\/\/viveancares.com\/index.php\/viveancares-alugueres-e-algo-mais\/vivecat\/quensomoscat\/","og_site_name":"ViveAncares,Nat-Rural-Mente.","article_publisher":"https:\/\/www.facebook.com\/profile.php?id=100093151917022","article_modified_time":"2023-08-25T12:10:55+00:00","og_image":[{"url":"https:\/\/viveancares.com\/wp-content\/uploads\/2023\/06\/REST-3-scaled.jpg","type":"","width":"","height":""}],"twitter_card":"summary_large_image","twitter_misc":{"Tempo de lectura":"2 minutos"},"schema":{"@context":"https:\/\/schema.org","@graph":[{"@type":"WebPage","@id":"https:\/\/viveancares.com\/index.php\/viveancares-alugueres-e-algo-mais\/vivecat\/quensomoscat\/","url":"https:\/\/viveancares.com\/index.php\/viveancares-alugueres-e-algo-mais\/vivecat\/quensomoscat\/","name":"QuensomoSCAT - ViveAncares,Nat-Rural-Mente.","isPartOf":{"@id":"https:\/\/viveancares.com\/#website"},"primaryImageOfPage":{"@id":"https:\/\/viveancares.com\/index.php\/viveancares-alugueres-e-algo-mais\/vivecat\/quensomoscat\/#primaryimage"},"image":{"@id":"https:\/\/viveancares.com\/index.php\/viveancares-alugueres-e-algo-mais\/vivecat\/quensomoscat\/#primaryimage"},"thumbnailUrl":"https:\/\/viveancares.com\/wp-content\/uploads\/2023\/06\/REST-3-scaled.jpg","datePublished":"2023-08-25T11:19:08+00:00","dateModified":"2023-08-25T12:10:55+00:00","breadcrumb":{"@id":"https:\/\/viveancares.com\/index.php\/viveancares-alugueres-e-algo-mais\/vivecat\/quensomoscat\/#breadcrumb"},"inLanguage":"gl-ES","potentialAction":[{"@type":"ReadAction","target":["https:\/\/viveancares.com\/index.php\/viveancares-alugueres-e-algo-mais\/vivecat\/quensomoscat\/"]}]},{"@type":"ImageObject","inLanguage":"gl-ES","@id":"https:\/\/viveancares.com\/index.php\/viveancares-alugueres-e-algo-mais\/vivecat\/quensomoscat\/#primaryimage","url":"https:\/\/viveancares.com\/wp-content\/uploads\/2023\/06\/REST-3-scaled.jpg","contentUrl":"https:\/\/viveancares.com\/wp-content\/uploads\/2023\/06\/REST-3-scaled.jpg","width":2560,"height":1920},{"@type":"BreadcrumbList","@id":"https:\/\/viveancares.com\/index.php\/viveancares-alugueres-e-algo-mais\/vivecat\/quensomoscat\/#breadcrumb","itemListElement":[{"@type":"ListItem","position":1,"name":"Portada","item":"https:\/\/viveancares.com\/"},{"@type":"ListItem","position":2,"name":"vivegal","item":"https:\/\/viveancares.com\/"},{"@type":"ListItem","position":3,"name":"vivecat","item":"https:\/\/viveancares.com\/index.php\/viveancares-alugueres-e-algo-mais\/vivecat\/"},{"@type":"ListItem","position":4,"name":"QuensomoSCAT"}]},{"@type":"WebSite","@id":"https:\/\/viveancares.com\/#website","url":"https:\/\/viveancares.com\/","name":"ViveAncares,Nat-Rural-Mente.","description":"&lt;strong&gt;Alugueres e algo m\u00e1is. Sempre rematamos por chegar a donde nos esperan.&lt;\/strong&gt;&lt;br&gt;&lt;br&gt;&lt;strong&gt;Jos\u00e9 Saramago.&lt;\/strong&gt;","publisher":{"@id":"https:\/\/viveancares.com\/#organization"},"potentialAction":[{"@type":"SearchAction","target":{"@type":"EntryPoint","urlTemplate":"https:\/\/viveancares.com\/?s={search_term_string}"},"query-input":{"@type":"PropertyValueSpecification","valueRequired":true,"valueName":"search_term_string"}}],"inLanguage":"gl-ES"},{"@type":"Organization","@id":"https:\/\/viveancares.com\/#organization","name":"ViveAncares,Nat-Rural-Mente.","url":"https:\/\/viveancares.com\/","logo":{"@type":"ImageObject","inLanguage":"gl-ES","@id":"https:\/\/viveancares.com\/#\/schema\/logo\/image\/","url":"https:\/\/viveancares.com\/wp-content\/uploads\/2023\/06\/logox.jpg","contentUrl":"https:\/\/viveancares.com\/wp-content\/uploads\/2023\/06\/logox.jpg","width":1502,"height":227,"caption":"ViveAncares,Nat-Rural-Mente."},"image":{"@id":"https:\/\/viveancares.com\/#\/schema\/logo\/image\/"},"sameAs":["https:\/\/www.facebook.com\/profile.php?id=100093151917022"]}]}},"_links":{"self":[{"href":"https:\/\/viveancares.com\/index.php\/wp-json\/wp\/v2\/pages\/1496"}],"collection":[{"href":"https:\/\/viveancares.com\/index.php\/wp-json\/wp\/v2\/pages"}],"about":[{"href":"https:\/\/viveancares.com\/index.php\/wp-json\/wp\/v2\/types\/page"}],"author":[{"embeddable":true,"href":"https:\/\/viveancares.com\/index.php\/wp-json\/wp\/v2\/users\/1"}],"replies":[{"embeddable":true,"href":"https:\/\/viveancares.com\/index.php\/wp-json\/wp\/v2\/comments?post=1496"}],"version-history":[{"count":4,"href":"https:\/\/viveancares.com\/index.php\/wp-json\/wp\/v2\/pages\/1496\/revisions"}],"predecessor-version":[{"id":1521,"href":"https:\/\/viveancares.com\/index.php\/wp-json\/wp\/v2\/pages\/1496\/revisions\/1521"}],"up":[{"embeddable":true,"href":"https:\/\/viveancares.com\/index.php\/wp-json\/wp\/v2\/pages\/12"}],"wp:attachment":[{"href":"https:\/\/viveancares.com\/index.php\/wp-json\/wp\/v2\/media?parent=1496"}],"curies":[{"name":"wp","href":"https:\/\/api.w.org\/{rel}","templated":true}]}}