{"id":5,"date":"2023-06-02T18:16:50","date_gmt":"2023-06-02T18:16:50","guid":{"rendered":"https:\/\/viveancares.com\/?page_id=5"},"modified":"2024-06-20T09:15:00","modified_gmt":"2024-06-20T09:15:00","slug":"viveancares-alugueres-e-algo-mais","status":"publish","type":"page","link":"https:\/\/viveancares.com\/","title":{"rendered":"vivegal"},"content":{"rendered":"\n<div class=\"wp-block-buttons alignwide has-caveat-font-family is-content-justification-center is-layout-flex wp-container-core-buttons-is-layout-1 wp-block-buttons-is-layout-flex\">\n<div class=\"wp-block-button has-caveat-font-family\" style=\"font-style:normal;font-weight:900\"><a class=\"wp-block-button__link has-custom-color-1-color has-white-background-color has-text-color has-background has-text-align-center wp-element-button\" href=\"https:\/\/viveancares.com\/index.php\/viveancares-alugueres-e-algo-mais\/vivecat\/vivecat\">CAT<\/a><\/div>\n\n\n\n<div class=\"wp-block-button has-caveat-font-family\" style=\"font-style:normal;font-weight:900\"><a class=\"wp-block-button__link has-custom-color-1-color has-white-background-color has-text-color has-background has-text-align-center wp-element-button\" href=\"https:\/\/viveancares.com\/index.php\/viveancares-alugueres-e-algo-mais\/viveeus\/viveeus\/\">EUS<\/a><\/div>\n\n\n\n<div class=\"wp-block-button has-caveat-font-family\" style=\"font-style:normal;font-weight:900\"><a class=\"wp-block-button__link has-custom-color-1-color has-white-background-color has-text-color has-background has-text-align-center wp-element-button\" href=\"https:\/\/viveancares.com\/index.php\/viveancares-alugueres-e-algo-mais\/viveesp\/inicioesp\/\">ESP<\/a><\/div>\n\n\n\n<div class=\"wp-block-button has-caveat-font-family\" style=\"font-style:normal;font-weight:900\"><a class=\"wp-block-button__link has-custom-color-1-color has-white-background-color has-text-color has-background has-text-align-center wp-element-button\" href=\"https:\/\/viveancares.com\/index.php\/viveancares-alugueres-e-algo-mais\/viveeng\/inicioeng\/\">ENG<\/a><\/div>\n<\/div>\n\n\n\n<p class=\"has-text-align-center has-white-color has-text-color\" style=\"font-size:25px\"><strong>Os Ancares- Alugueres en Becerre\u00e1, Porta dos Ancares-Via Kunig Lugo<\/strong><\/p>\n\n\n\n<div class=\"wp-block-columns is-layout-flex wp-container-core-columns-is-layout-1 wp-block-columns-is-layout-flex\">\n<div class=\"wp-block-column is-layout-flow wp-block-column-is-layout-flow\"><div class=\"is-style-rounded wp-block-site-logo\"><a href=\"https:\/\/viveancares.com\/\" class=\"custom-logo-link\" rel=\"home\"><img fetchpriority=\"high\" decoding=\"async\" width=\"700\" height=\"105\" src=\"https:\/\/viveancares.com\/wp-content\/uploads\/2023\/06\/logox.jpg\" class=\"custom-logo\" alt=\"ViveAncares,Nat-Rural-Mente.\" srcset=\"https:\/\/viveancares.com\/wp-content\/uploads\/2023\/06\/logox.jpg 1502w, https:\/\/viveancares.com\/wp-content\/uploads\/2023\/06\/logox-300x45.jpg 300w, https:\/\/viveancares.com\/wp-content\/uploads\/2023\/06\/logox-1024x155.jpg 1024w, https:\/\/viveancares.com\/wp-content\/uploads\/2023\/06\/logox-768x116.jpg 768w\" sizes=\"(max-width: 700px) 100vw, 700px\" \/><\/a><\/div><\/div>\n<\/div>\n\n\n\n<p><\/p>\n\n\n\n<header class=\"wp-block-group alignwide has-border-color has-custom-color-2-border-color has-custom-color-1-color has-white-background-color has-text-color has-background is-layout-constrained wp-block-group-is-layout-constrained\" style=\"border-style:solid;border-width:7px;border-radius:100px;margin-top:0px;padding-bottom:calc(var(--wp--custom--v-spacing, 1.25rem) *2)\">\n<p class=\"has-text-align-center H1 has-custom-color-1-color has-text-color has-caveat-font-family\" style=\"font-size:49px;font-style:italic;font-weight:800\">ViveAncares&#8230;<\/p>\n\n\n\n<p class=\"has-text-align-center H1 has-custom-color-1-color has-text-color has-caveat-font-family\" style=\"font-size:40px;font-style:italic;font-weight:600\">Nat-Rural-Mente<\/p>\n\n\n\n<p class=\"has-text-align-center\" style=\"font-size:26px;font-style:normal;font-weight:700;text-decoration:underline\"><strong>algo m\u00e1is que alugueres<\/strong><\/p>\n<\/header>\n\n\n\n<main class=\"wp-block-cover alignfull is-light\" style=\"font-size:0px;min-height:580px;aspect-ratio:unset;\"><span aria-hidden=\"true\" class=\"wp-block-cover__background has-background-dim-0 has-background-dim\"><\/span><img decoding=\"async\" width=\"1373\" height=\"435\" class=\"wp-block-cover__image-background wp-image-1122\" alt=\"Desde os nosos pisos de aluguer podes disfrutar das vistas de Os Ancares con neve nos cumios\n\" src=\"https:\/\/viveancares.com\/wp-content\/uploads\/2023\/06\/logoxx.jpg\" data-object-fit=\"cover\" srcset=\"https:\/\/viveancares.com\/wp-content\/uploads\/2023\/06\/logoxx.jpg 1373w, https:\/\/viveancares.com\/wp-content\/uploads\/2023\/06\/logoxx-300x95.jpg 300w, https:\/\/viveancares.com\/wp-content\/uploads\/2023\/06\/logoxx-1024x324.jpg 1024w, https:\/\/viveancares.com\/wp-content\/uploads\/2023\/06\/logoxx-768x243.jpg 768w\" sizes=\"(max-width: 1373px) 100vw, 1373px\" \/><div class=\"wp-block-cover__inner-container is-layout-flow wp-block-cover-is-layout-flow\">\n<p class=\"has-text-align-center\" style=\"font-size:0rem\"><\/p>\n<\/div><\/main>\n\n\n\n<div class=\"wp-block-columns alignwide is-layout-flex wp-container-core-columns-is-layout-2 wp-block-columns-is-layout-flex\">\n<div class=\"wp-block-column is-layout-flow wp-block-column-is-layout-flow\" style=\"flex-basis:100%\">\n<p class=\"has-text-align-center has-white-color has-text-color has-caveat-font-family\" style=\"font-size:85px;font-style:italic;font-weight:900;text-decoration:underline\">Benvidxs<\/p>\n<\/div>\n<\/div>\n\n\n\n<p class=\"has-white-color has-text-color\" style=\"font-size:28px\"><strong>     Na nosa web atoparedes informaci\u00f3n sobre a nosa comarca e arredores, as\u00ed como a posibilidade de aloxarvos nas nosas casas. Desde aqu\u00ed, na Via Kunig o seu paso por Becerre\u00e1, Porta dos Ancares, desexamosvos unha estad\u00eda diferente.<\/strong><\/p>\n\n\n\n<div class=\"wp-block-cover alignfull is-light has-custom-content-position is-position-top-center\" style=\"min-height:50px;aspect-ratio:unset;\"><span aria-hidden=\"true\" class=\"wp-block-cover__background has-white-background-color has-background-dim-100 has-background-dim\"><\/span><div class=\"wp-block-cover__inner-container is-layout-flow wp-block-cover-is-layout-flow\">\n<div style=\"height:40px\" aria-hidden=\"true\" class=\"wp-block-spacer\"><\/div>\n\n\n\n<p class=\"has-text-align-center has-custom-color-1-color has-text-color has-caveat-font-family\" style=\"font-size:43px;font-style:normal;font-weight:800\">&#8220;<strong>Vale m\u00e1is unha terra con \u00e1rbores nos montes, que un Estado con ouro nos bancos<\/strong>&#8220;<\/p>\n\n\n\n<p class=\"has-text-align-center has-custom-color-2-color has-text-color has-caveat-font-family\" style=\"margin-top:0px;margin-right:0px;margin-bottom:0px;margin-left:0px;padding-top:0;padding-right:0;padding-bottom:0;padding-left:0;font-size:45px\"><strong>Alfonso D. Rodr\u00edguez Castelao, <\/strong><\/p>\n\n\n\n<p class=\"has-text-align-center has-custom-color-2-color has-text-color has-caveat-font-family\" style=\"margin-top:0px;margin-right:0px;margin-bottom:0px;margin-left:0px;padding-top:0;padding-right:0;padding-bottom:0;padding-left:0;font-size:35px\"><strong>&#8220;Sempre en Galicia&#8221;<\/strong><\/p>\n\n\n\n<p class=\"has-text-align-center has-white-color has-text-color\" style=\"margin-top:var(--wp--preset--spacing--20);margin-right:var(--wp--preset--spacing--20);margin-bottom:var(--wp--preset--spacing--20);margin-left:var(--wp--preset--spacing--20);padding-top:var(--wp--preset--spacing--20);padding-right:var(--wp--preset--spacing--20);padding-bottom:var(--wp--preset--spacing--20);padding-left:var(--wp--preset--spacing--20)\"><\/p>\n<\/div><\/div>\n\n\n\n<div style=\"height:0px\" aria-hidden=\"true\" class=\"wp-block-spacer\"><\/div>\n\n\n\n<div class=\"wp-block-group is-layout-constrained wp-block-group-is-layout-constrained\"><nav style=\"font-style:normal;font-weight:700;\" class=\"has-text-color has-vivid-cyan-blue-color has-background has-white-background-color is-responsive items-justified-center has-text-decoration-underline is-style-default-navigation wp-block-navigation has-playfair-display-font-family is-content-justification-center is-layout-flex wp-container-core-navigation-is-layout-1 wp-block-navigation-is-layout-flex\" aria-label=\"Navegaci\u00f3n\" \n\t\t data-wp-interactive=\"core\/navigation\" data-wp-context='{\"overlayOpenedBy\":{\"click\":false,\"hover\":false,\"focus\":false},\"type\":\"overlay\",\"roleAttribute\":\"\",\"ariaLabel\":\"Men\\u00fa\"}'><button aria-haspopup=\"dialog\" aria-label=\"Abrir o men\u00fa\" class=\"wp-block-navigation__responsive-container-open \" \n\t\t\t\tdata-wp-on--click=\"actions.openMenuOnClick\"\n\t\t\t\tdata-wp-on--keydown=\"actions.handleMenuKeydown\"\n\t\t\t><svg width=\"24\" height=\"24\" xmlns=\"http:\/\/www.w3.org\/2000\/svg\" viewBox=\"0 0 24 24\" aria-hidden=\"true\" focusable=\"false\"><rect x=\"4\" y=\"7.5\" width=\"16\" height=\"1.5\" \/><rect x=\"4\" y=\"15\" width=\"16\" height=\"1.5\" \/><\/svg><\/button>\n\t\t\t\t<div class=\"wp-block-navigation__responsive-container  \" style=\"\" id=\"modal-1\" \n\t\t\t\tdata-wp-class--has-modal-open=\"state.isMenuOpen\"\n\t\t\t\tdata-wp-class--is-menu-open=\"state.isMenuOpen\"\n\t\t\t\tdata-wp-watch=\"callbacks.initMenu\"\n\t\t\t\tdata-wp-on--keydown=\"actions.handleMenuKeydown\"\n\t\t\t\tdata-wp-on--focusout=\"actions.handleMenuFocusout\"\n\t\t\t\ttabindex=\"-1\"\n\t\t\t>\n\t\t\t\t\t<div class=\"wp-block-navigation__responsive-close\" tabindex=\"-1\">\n\t\t\t\t\t\t<div class=\"wp-block-navigation__responsive-dialog\" \n\t\t\t\tdata-wp-bind--aria-modal=\"state.ariaModal\"\n\t\t\t\tdata-wp-bind--aria-label=\"state.ariaLabel\"\n\t\t\t\tdata-wp-bind--role=\"state.roleAttribute\"\n\t\t\t>\n\t\t\t\t\t\t\t<button aria-label=\"Pechar o men\u00fa\" class=\"wp-block-navigation__responsive-container-close\" \n\t\t\t\tdata-wp-on--click=\"actions.closeMenuOnClick\"\n\t\t\t><svg xmlns=\"http:\/\/www.w3.org\/2000\/svg\" viewBox=\"0 0 24 24\" width=\"24\" height=\"24\" aria-hidden=\"true\" focusable=\"false\"><path d=\"M13 11.8l6.1-6.3-1-1-6.1 6.2-6.1-6.2-1 1 6.1 6.3-6.5 6.7 1 1 6.5-6.6 6.5 6.6 1-1z\"><\/path><\/svg><\/button>\n\t\t\t\t\t\t\t<div class=\"wp-block-navigation__responsive-container-content\" \n\t\t\t\tdata-wp-watch=\"callbacks.focusFirstElement\"\n\t\t\t id=\"modal-1-content\">\n\t\t\t\t\t\t\t\t<ul style=\"font-style:normal;font-weight:700;\" class=\"wp-block-navigation__container has-text-color has-vivid-cyan-blue-color has-background has-white-background-color is-responsive items-justified-center has-text-decoration-underline is-style-default-navigation wp-block-navigation has-playfair-display-font-family\"><li data-wp-context=\"{ &quot;submenuOpenedBy&quot;: { &quot;click&quot;: false, &quot;hover&quot;: false, &quot;focus&quot;: false }, &quot;type&quot;: &quot;submenu&quot; }\" data-wp-interactive=\"core\/navigation\" data-wp-on--focusout=\"actions.handleMenuFocusout\" data-wp-on--keydown=\"actions.handleMenuKeydown\" data-wp-watch=\"callbacks.initMenu\" tabindex=\"-1\" class=\" wp-block-navigation-item has-child open-on-click wp-block-navigation-submenu\"><button data-wp-bind--aria-expanded=\"state.isMenuOpen\" data-wp-on--click=\"actions.toggleMenuOnClick\" aria-label=\"Os Ancares, Reserva da biosfera submenu\" class=\"wp-block-navigation-item__content wp-block-navigation-submenu__toggle\" ><span class=\"wp-block-navigation-item__label\">Os Ancares, Reserva da biosfera<\/span><\/button><span class=\"wp-block-navigation__submenu-icon\"><svg xmlns=\"http:\/\/www.w3.org\/2000\/svg\" width=\"12\" height=\"12\" viewBox=\"0 0 12 12\" fill=\"none\" aria-hidden=\"true\" focusable=\"false\"><path d=\"M1.50002 4L6.00002 8L10.5 4\" stroke-width=\"1.5\"><\/path><\/svg><\/span><ul data-wp-on--focus=\"actions.openMenuOnFocus\" class=\"wp-block-navigation__submenu-container has-background has-white-background-color has-background has-white-background-color wp-block-navigation-submenu\"><li class=\" wp-block-navigation-item wp-block-navigation-link\"><a class=\"wp-block-navigation-item__content\"  href=\"https:\/\/turismo.deputacionlugo.gal\/gl\/conece\/lugonatural\/reservasbiosfera\/ancareslucenses\" target=\"_blank\"  ><span class=\"wp-block-navigation-item__label\">\u25ba A Reserva da Biosfera de Os Ancares e Montes de Cervantes, Navia e Becerre\u00e1<\/span><\/a><\/li><li class=\" wp-block-navigation-item wp-block-navigation-link\"><a class=\"wp-block-navigation-item__content\"  href=\"http:\/\/rerb.oapn.es\/red-espanola-de-reservas-de-la-biosfera\/reservas-de-la-biosfera-espanolas\/mapa\" target=\"_blank\"  ><span class=\"wp-block-navigation-item__label\">\u25ba Red Espa\u00f1ola de Reservas de la Biosfera<\/span><\/a><\/li><\/ul><\/li><\/ul>\n\t\t\t\t\t\t\t<\/div>\n\t\t\t\t\t\t<\/div>\n\t\t\t\t\t<\/div>\n\t\t\t\t<\/div><\/nav><\/div>\n\n\n\n<div style=\"height:100px\" aria-hidden=\"true\" class=\"wp-block-spacer\"><\/div>\n\n\n\n<div style=\"height:100px\" aria-hidden=\"true\" class=\"wp-block-spacer\"><\/div>\n\n\n\n<div class=\"wp-block-buttons alignfull has-caveat-font-family is-content-justification-center is-layout-flex wp-container-core-buttons-is-layout-2 wp-block-buttons-is-layout-flex\">\n<div class=\"wp-block-button has-custom-font-size is-style-outline has-oswald-font-family\" style=\"font-size:50px;font-style:italic;font-weight:700\"><a class=\"wp-block-button__link has-custom-color-1-color has-white-background-color has-text-color has-background wp-element-button\" href=\"https:\/\/viveancares.com\/index.php\/vivegal\/iniciogal\/\" style=\"border-radius:100px\">Comezamos?<\/a><\/div>\n<\/div>\n\n\n\n<main class=\"wp-block-group alignfull has-custom-color-1-background-color has-background is-layout-constrained wp-block-group-is-layout-constrained\" style=\"margin-top:0px;padding-bottom:calc(var(--wp--custom--v-spacing, 1.25rem) *2)\">\n<p class=\"has-text-align-center has-white-color has-text-color has-caveat-font-family has-xxx-large-font-size\" style=\"font-style:italic;font-weight:800\">ViveAncares&#8230;Nat-Rural-Mente<\/p>\n<\/main>\n\n\n\n<p class=\"has-text-align-center has-black-color has-text-color has-caveat-font-family\" style=\"font-size:65px\"><strong>ViveAncares \u00ae<\/strong><\/p>\n","protected":false},"excerpt":{"rendered":"<p>Os Ancares- Alugueres en Becerre\u00e1, Porta dos Ancares-Via Kunig Lugo ViveAncares&#8230; Nat-Rural-Mente algo m\u00e1is que alugueres Benvidxs Na nosa web atoparedes informaci\u00f3n sobre a nosa comarca e arredores, as\u00ed como a posibilidade de aloxarvos nas nosas casas. Desde aqu\u00ed, na Via Kunig o seu paso por Becerre\u00e1, Porta dos Ancares, desexamosvos unha estad\u00eda diferente. ViveAncares&#8230;Nat-Rural-Mente&hellip;<\/p>\n","protected":false},"author":1,"featured_media":0,"parent":0,"menu_order":0,"comment_status":"closed","ping_status":"closed","template":"","meta":{"ngg_post_thumbnail":0,"two_page_speed":null,"footnotes":""},"yoast_head":"<!-- This site is optimized with the Yoast SEO Premium plugin v20.5 (Yoast SEO v24.5) - https:\/\/yoast.com\/wordpress\/plugins\/seo\/ -->\n<title>Os Ancares-Alugueres en Becerre\u00e1, Porta dos Ancares-Via Kunig Lugo<\/title>\n<meta name=\"description\" content=\"Ancares pisos de aluguer. Alugueres e algo m\u00e1is, Entra a descubrirnos! Becerre\u00e1, Porta de Ancares. V\u00eda Kunig Lugo ViveAncares,Nat-Rural-Mente.\" \/>\n<meta name=\"robots\" content=\"index, follow, max-snippet:-1, max-image-preview:large, max-video-preview:-1\" \/>\n<link rel=\"canonical\" href=\"https:\/\/viveancares.com\/\" \/>\n<meta property=\"og:locale\" content=\"gl_ES\" \/>\n<meta property=\"og:type\" content=\"article\" \/>\n<meta property=\"og:title\" content=\"ViveAncares, Nat-Rural-Mente\" \/>\n<meta property=\"og:description\" content=\"Algo m\u00e1is que alugueres, outro xeito de vivir\" \/>\n<meta property=\"og:url\" content=\"https:\/\/viveancares.com\/\" \/>\n<meta property=\"og:site_name\" content=\"ViveAncares,Nat-Rural-Mente.\" \/>\n<meta property=\"article:publisher\" content=\"https:\/\/www.facebook.com\/profile.php?id=100093151917022\" \/>\n<meta property=\"article:modified_time\" content=\"2024-06-20T09:15:00+00:00\" \/>\n<meta property=\"og:image\" content=\"https:\/\/viveancares.com\/wp-content\/uploads\/2023\/06\/logoxx.jpg\" \/>\n\t<meta property=\"og:image:width\" content=\"1373\" \/>\n\t<meta property=\"og:image:height\" content=\"435\" \/>\n\t<meta property=\"og:image:type\" content=\"image\/jpeg\" \/>\n<meta name=\"twitter:card\" content=\"summary_large_image\" \/>\n<meta name=\"twitter:title\" content=\"vivegal\" \/>\n<meta name=\"twitter:label1\" content=\"Tempo de lectura\" \/>\n\t<meta name=\"twitter:data1\" content=\"1 minuto\" \/>\n<script type=\"application\/ld+json\" class=\"yoast-schema-graph\">{\"@context\":\"https:\/\/schema.org\",\"@graph\":[{\"@type\":\"WebPage\",\"@id\":\"https:\/\/viveancares.com\/\",\"url\":\"https:\/\/viveancares.com\/\",\"name\":\"Os Ancares-Alugueres en Becerre\u00e1, Porta dos Ancares-Via Kunig Lugo\",\"isPartOf\":{\"@id\":\"https:\/\/viveancares.com\/#website\"},\"primaryImageOfPage\":{\"@id\":\"https:\/\/viveancares.com\/#primaryimage\"},\"image\":{\"@id\":\"https:\/\/viveancares.com\/#primaryimage\"},\"thumbnailUrl\":\"https:\/\/viveancares.com\/wp-content\/uploads\/2023\/06\/logoxx.jpg\",\"datePublished\":\"2023-06-02T18:16:50+00:00\",\"dateModified\":\"2024-06-20T09:15:00+00:00\",\"description\":\"Ancares pisos de aluguer. Alugueres e algo m\u00e1is, Entra a descubrirnos! Becerre\u00e1, Porta de Ancares. V\u00eda Kunig Lugo ViveAncares,Nat-Rural-Mente.\",\"breadcrumb\":{\"@id\":\"https:\/\/viveancares.com\/#breadcrumb\"},\"inLanguage\":\"gl-ES\",\"potentialAction\":[{\"@type\":\"ReadAction\",\"target\":[\"https:\/\/viveancares.com\/\"]}]},{\"@type\":\"ImageObject\",\"inLanguage\":\"gl-ES\",\"@id\":\"https:\/\/viveancares.com\/#primaryimage\",\"url\":\"https:\/\/viveancares.com\/wp-content\/uploads\/2023\/06\/logoxx.jpg\",\"contentUrl\":\"https:\/\/viveancares.com\/wp-content\/uploads\/2023\/06\/logoxx.jpg\",\"width\":1373,\"height\":435},{\"@type\":\"BreadcrumbList\",\"@id\":\"https:\/\/viveancares.com\/#breadcrumb\",\"itemListElement\":[{\"@type\":\"ListItem\",\"position\":1,\"name\":\"Portada\",\"item\":\"https:\/\/viveancares.com\/\"},{\"@type\":\"ListItem\",\"position\":2,\"name\":\"vivegal\"}]},{\"@type\":\"WebSite\",\"@id\":\"https:\/\/viveancares.com\/#website\",\"url\":\"https:\/\/viveancares.com\/\",\"name\":\"ViveAncares,Nat-Rural-Mente.\",\"description\":\"&lt;strong&gt;Alugueres e algo m\u00e1is. Sempre rematamos por chegar a donde nos esperan.&lt;\/strong&gt;&lt;br&gt;&lt;br&gt;&lt;strong&gt;Jos\u00e9 Saramago.&lt;\/strong&gt;\",\"publisher\":{\"@id\":\"https:\/\/viveancares.com\/#organization\"},\"potentialAction\":[{\"@type\":\"SearchAction\",\"target\":{\"@type\":\"EntryPoint\",\"urlTemplate\":\"https:\/\/viveancares.com\/?s={search_term_string}\"},\"query-input\":{\"@type\":\"PropertyValueSpecification\",\"valueRequired\":true,\"valueName\":\"search_term_string\"}}],\"inLanguage\":\"gl-ES\"},{\"@type\":\"Organization\",\"@id\":\"https:\/\/viveancares.com\/#organization\",\"name\":\"ViveAncares,Nat-Rural-Mente.\",\"url\":\"https:\/\/viveancares.com\/\",\"logo\":{\"@type\":\"ImageObject\",\"inLanguage\":\"gl-ES\",\"@id\":\"https:\/\/viveancares.com\/#\/schema\/logo\/image\/\",\"url\":\"https:\/\/viveancares.com\/wp-content\/uploads\/2023\/06\/logox.jpg\",\"contentUrl\":\"https:\/\/viveancares.com\/wp-content\/uploads\/2023\/06\/logox.jpg\",\"width\":1502,\"height\":227,\"caption\":\"ViveAncares,Nat-Rural-Mente.\"},\"image\":{\"@id\":\"https:\/\/viveancares.com\/#\/schema\/logo\/image\/\"},\"sameAs\":[\"https:\/\/www.facebook.com\/profile.php?id=100093151917022\"]}]}<\/script>\n<!-- \/ Yoast SEO Premium plugin. -->","yoast_head_json":{"title":"Os Ancares-Alugueres en Becerre\u00e1, Porta dos Ancares-Via Kunig Lugo","description":"Ancares pisos de aluguer. Alugueres e algo m\u00e1is, Entra a descubrirnos! Becerre\u00e1, Porta de Ancares. V\u00eda Kunig Lugo ViveAncares,Nat-Rural-Mente.","robots":{"index":"index","follow":"follow","max-snippet":"max-snippet:-1","max-image-preview":"max-image-preview:large","max-video-preview":"max-video-preview:-1"},"canonical":"https:\/\/viveancares.com\/","og_locale":"gl_ES","og_type":"article","og_title":"ViveAncares, Nat-Rural-Mente","og_description":"Algo m\u00e1is que alugueres, outro xeito de vivir","og_url":"https:\/\/viveancares.com\/","og_site_name":"ViveAncares,Nat-Rural-Mente.","article_publisher":"https:\/\/www.facebook.com\/profile.php?id=100093151917022","article_modified_time":"2024-06-20T09:15:00+00:00","og_image":[{"width":1373,"height":435,"url":"https:\/\/viveancares.com\/wp-content\/uploads\/2023\/06\/logoxx.jpg","type":"image\/jpeg"}],"twitter_card":"summary_large_image","twitter_title":"vivegal","twitter_misc":{"Tempo de lectura":"1 minuto"},"schema":{"@context":"https:\/\/schema.org","@graph":[{"@type":"WebPage","@id":"https:\/\/viveancares.com\/","url":"https:\/\/viveancares.com\/","name":"Os Ancares-Alugueres en Becerre\u00e1, Porta dos Ancares-Via Kunig Lugo","isPartOf":{"@id":"https:\/\/viveancares.com\/#website"},"primaryImageOfPage":{"@id":"https:\/\/viveancares.com\/#primaryimage"},"image":{"@id":"https:\/\/viveancares.com\/#primaryimage"},"thumbnailUrl":"https:\/\/viveancares.com\/wp-content\/uploads\/2023\/06\/logoxx.jpg","datePublished":"2023-06-02T18:16:50+00:00","dateModified":"2024-06-20T09:15:00+00:00","description":"Ancares pisos de aluguer. Alugueres e algo m\u00e1is, Entra a descubrirnos! Becerre\u00e1, Porta de Ancares. V\u00eda Kunig Lugo ViveAncares,Nat-Rural-Mente.","breadcrumb":{"@id":"https:\/\/viveancares.com\/#breadcrumb"},"inLanguage":"gl-ES","potentialAction":[{"@type":"ReadAction","target":["https:\/\/viveancares.com\/"]}]},{"@type":"ImageObject","inLanguage":"gl-ES","@id":"https:\/\/viveancares.com\/#primaryimage","url":"https:\/\/viveancares.com\/wp-content\/uploads\/2023\/06\/logoxx.jpg","contentUrl":"https:\/\/viveancares.com\/wp-content\/uploads\/2023\/06\/logoxx.jpg","width":1373,"height":435},{"@type":"BreadcrumbList","@id":"https:\/\/viveancares.com\/#breadcrumb","itemListElement":[{"@type":"ListItem","position":1,"name":"Portada","item":"https:\/\/viveancares.com\/"},{"@type":"ListItem","position":2,"name":"vivegal"}]},{"@type":"WebSite","@id":"https:\/\/viveancares.com\/#website","url":"https:\/\/viveancares.com\/","name":"ViveAncares,Nat-Rural-Mente.","description":"&lt;strong&gt;Alugueres e algo m\u00e1is. Sempre rematamos por chegar a donde nos esperan.&lt;\/strong&gt;&lt;br&gt;&lt;br&gt;&lt;strong&gt;Jos\u00e9 Saramago.&lt;\/strong&gt;","publisher":{"@id":"https:\/\/viveancares.com\/#organization"},"potentialAction":[{"@type":"SearchAction","target":{"@type":"EntryPoint","urlTemplate":"https:\/\/viveancares.com\/?s={search_term_string}"},"query-input":{"@type":"PropertyValueSpecification","valueRequired":true,"valueName":"search_term_string"}}],"inLanguage":"gl-ES"},{"@type":"Organization","@id":"https:\/\/viveancares.com\/#organization","name":"ViveAncares,Nat-Rural-Mente.","url":"https:\/\/viveancares.com\/","logo":{"@type":"ImageObject","inLanguage":"gl-ES","@id":"https:\/\/viveancares.com\/#\/schema\/logo\/image\/","url":"https:\/\/viveancares.com\/wp-content\/uploads\/2023\/06\/logox.jpg","contentUrl":"https:\/\/viveancares.com\/wp-content\/uploads\/2023\/06\/logox.jpg","width":1502,"height":227,"caption":"ViveAncares,Nat-Rural-Mente."},"image":{"@id":"https:\/\/viveancares.com\/#\/schema\/logo\/image\/"},"sameAs":["https:\/\/www.facebook.com\/profile.php?id=100093151917022"]}]}},"_links":{"self":[{"href":"https:\/\/viveancares.com\/index.php\/wp-json\/wp\/v2\/pages\/5"}],"collection":[{"href":"https:\/\/viveancares.com\/index.php\/wp-json\/wp\/v2\/pages"}],"about":[{"href":"https:\/\/viveancares.com\/index.php\/wp-json\/wp\/v2\/types\/page"}],"author":[{"embeddable":true,"href":"https:\/\/viveancares.com\/index.php\/wp-json\/wp\/v2\/users\/1"}],"replies":[{"embeddable":true,"href":"https:\/\/viveancares.com\/index.php\/wp-json\/wp\/v2\/comments?post=5"}],"version-history":[{"count":72,"href":"https:\/\/viveancares.com\/index.php\/wp-json\/wp\/v2\/pages\/5\/revisions"}],"predecessor-version":[{"id":1615,"href":"https:\/\/viveancares.com\/index.php\/wp-json\/wp\/v2\/pages\/5\/revisions\/1615"}],"wp:attachment":[{"href":"https:\/\/viveancares.com\/index.php\/wp-json\/wp\/v2\/media?parent=5"}],"curies":[{"name":"wp","href":"https:\/\/api.w.org\/{rel}","templated":true}]}}